t is -40a91 (base 13) in base 5?
-12203202
12112221202120 (base 3) to base 6
143132323
What is 338888 (base 12) in base 13?
22ac60
What is 4321330 (base 6) in base 7?
1544442
-20021230030 (base 4) to base 16
-209b0c
Convert -4332377 (base 9) to base 3.
-11101002102121
Convert 12478e (base 16) to base 6.
41402050
Convert -2b092 (base 12) to base 5.
-3414330
-1011101111001000110 (base 2) to base 7
-3161142
Convert -110322241 (base 5) to base 6.
-14140452
650432 (base 7) to base 8
334652
-15985 (base 15) to base 12
-34382
What is 14c7a (base 14) in base 11?
35a59
Convert -1022102011100 (base 3) to base 11.
-436774
What is -349c18 (base 13) in base 14?
-24773b
What is 4035 (base 15) in base 12?
7a12
20120011201001 (base 3) to base 16
353659
Convert 10101110000010000 (base 2) to base 14.
24688
Convert -3ba008a (base 12) to base 7.
-203112241
Convert -21102200 (base 4) to base 2.
-1001010010100000
What is 11110001000011 (base 2) in base 14?
589d
Convert 20110020200 (base 3) to base 14.
34414
Convert -22a333 (base 13) to base 9.
-1482785
What is 13024320 (base 5) in base 13?
45967
139ad (base 16) to base 7
453054
What is 121111232 (base 4) in base 7?
611411
Convert 32831 (base 10) to base 15.
9adb
What is 4702167 (base 9) in base 12?
a26397
Convert -2188 (base 10) to base 12.
-1324
31380 (base 11) to base 12
22549
Convert 26164222 (base 7) to base 9.
4435474
-1032344224 (base 5) to base 16
-220b95
What is -303999 (base 10) in base 5?
-34211444
1866127 (base 9) to base 11
656156
What is -132523533 (base 7) in base 16?
-82a0df
What is -2122211320 (base 4) in base 7?
-5245042
-137221 (base 9) to base 12
-40754
What is -235bb80 (base 12) in base 4?
-122012213100
Convert -31354412 (base 6) to base 2.
-11011111111100101000
What is -13b9b48 (base 12) in base 6?
-221131332
1907b3 (base 13) to base 2
10011001101110100111
What is -11102020201 (base 3) in base 16?
-15394
Convert 83399 (base 11) to base 13.
43463
1213042 (base 6) to base 14
19562
What is -221314334 (base 5) in base 4?
-3223102013
What is 11012200022102 (base 3) in base 6?
115542532
What is -328285 (base 9) in base 7?
-1445264
Convert 12d805 (base 14) to base 15.
cd251
What is 158604 (base 14) in base 13?
2049ab
2939 (base 12) to base 15
164c
What is -2697916 (base 10) in base 15?
-3845b1
1830240 (base 9) to base 5
230224324
150b0 (base 14) to base 15
10760
-37bb65 (base 13) to base 7
-14250313
What is -4545310 (base 6) in base 5?
-24410012
What is -4c65c (base 16) in base 5?
-40003144
Convert -30033223 (base 4) to base 14.
-143c7
Convert -1382bd (base 14) to base 3.
-1021022201121
-21c4b3 (base 16) to base 8
-10342263
-105196 (base 11) to base 8
-507774
106240130 (base 7) to base 5
3131421413
Convert 9a7bc7 (base 14) to base 10.
5246115
1877844 (base 10) to base 15
2715e9
1415440 (base 6) to base 8
234660
-316513 (base 8) to base 9
-171118
-1042165 (base 7) to base 16
-1f423
-11022 (base 12) to base 4
-11133122
What is -20130031323 (base 4) in base 10?
-2212731
-1977bb (base 15) to base 7
-13354154
What is 1d901d (base 14) in base 16?
103443
40dbd2 (base 15) to base 9
5720458
What is 1157436 (base 10) in base 4?
10122210330
What is -20333020 (base 4) in base 5?
-2134213
-222337 (base 10) to base 6
-4433201
108863 (base 9) to base 16
10032
What is -4041005 (base 6) in base 7?
-1426565
Convert -23301010123 (base 4) to base 12.
-1049077
Convert 255770 (base 8) to base 12.
43674
What is -249d07b (base 14) in base 13?
-384c307
Convert -21011002210011 (base 3) to base 8.
-16377420
-133244 (base 6) to base 3
-122000201
-632024 (base 8) to base 15
-42310
-1042324342 (base 5) to base 7
-25422101
What is 43400141 (base 5) in base 16?
5acd1
4003434 (base 5) to base 4
33120102
What is -111010010010100101101 (base 2) in base 7?
-22143456
-2001443 (base 5) to base 11
-21735
Convert 212221132310 (base 4) to base 11.
579a946
What is 204303 (base 12) in base 15?
9e976
-20032112100 (base 4) to base 2
-1000001110010110010000
Convert -131253232 (base 6) to base 10.
-2588852
Convert -34413202 (base 5) to base 8.
-1136233
Convert -79166 (base 15) to base 2.
-1011110000000101111
What is -21132023302 (base 4) in base 16?
-25e2f2
Convert 19a340 (base 11) to base 4.
1022311221
What is -1784813 (base 10) in base 5?
-424103223
b9133 (base 12) to base 13
86ca3
30211 (base 9) to base 2
100110110001111
What is -222203201020 (base 4) in base 2?
-101010100011100001001000
-386eb (base 15) to base 12
-88512
-14860 (base 14) to base 12
-25658
What is -32420 (base 5) in base 6?
-14203
What is 1d7ce (base 16) in base 5?
12331112
Convert -946cc (base 15) to base 14.
-c3751
What is -6d5736 (base 15) in base 8?
-23754354
10101000111100011111100 (base 2) to base 7
65024634
134351400 (base 6) to base 11
15a983a
What is -3234504 (base 6) in base 15?
-32821
-1000200020100 (base 3) to base 9
-1020210
223330204 (base 5) to base 15
14a039
Convert 3636861 (base 13) to base 6.
1400133013
32814a (base 11) to base 10
523258
-100222211100222 (base 3) to base 9
-10884328
Convert 3968649 (base 12) to base 14.
17115b3
What is 413445 (base 6) in base 7?
165566
What is -144113112 (base 5) in base 12?
-311586
What is -1342532 (base 9) in base 10?
-736724
833894 (base 11) to base 7
14240053
1345450351 (base 6) to base 15
16b10b1
Convert -923ad (base 14) to base 3.
-122212211001
-545aa1 (base 11) to base 5
-210344140
Convert -344262 (base 11) to base 9.
-1023737
What is 200202002 (base 4) in base 15?
29735
What is -89ccd (base 15) in base 12?
-191764
Convert -120244201 (base 5) to base 2.
-10000111110010010000
What is -79323 (base 10) in base 15?
-18783
-4635aa (base 14) to base 8
-11076162
What is -106454 (base 11) in base 4?
-221121230
Convert -200100021112022 (base 3) to base 16.
-94c05e
What is 102133641 (base 7) in base 4?
112333003311
3159a1 (base 16) to base 7
36330116
1253a (base 14) to base 13
175b8
What is -163121342 (base 7) in base 10?
-11081135
-4256377 (base 10) to base 13
-b60488
-2605856 (base 9) to base 3
-2200012221220
What is 1001101100101111011 (base 2) in base 7?
2462405
What is -640a (base 12) in base 15?
-33a4
31399 (base 14) to base 2
11100111110111011
Convert -111000021102020 (base 3) to base 7.
-112524561
Convert 211791 (base 10) to base 3.
101202112010
Convert 20222011111102 (base 3) to base 4.
32020032002
What is 52068 (base 12) in base 13?
39a55
Convert -17442502 (base 8) to base 9.
-7610022
What is -101111011100100110010001 (base 2) in base 7?
-210502054
Convert 2468774 (base 12) to base 10.
7106632
-21253c (base 13) to base 16
-bd8f5
Convert 2227025 (base 8) to base 9.
1116237
What is -101010010011011100101 (base 2) in base 10?
-1386213
What is -14126032 (base 7) in base 2?
-101000001101111000101
What is 322230012 (base 4) in base 8?
725406
-15c6a3 (base 14) to base 2
-10111010100011110111
What is -56433614 (base 7) in base 10?
-4899374
What is -23446003 (base 7) in base 5?
-1013011201
Convert -2f587 (base 16) to base 11.
-122778
Convert -3653545 (base 7) to base 11.
-299a38
Convert b98d (base 15) to base 4.
21211303
Convert -10dd42 (base 15) to base 16.
-c4d5d
What is -10568 (base 15) in base 14?
-14c76
Convert -897a3 (base 11) to base 16.
-1fc13
Convert 7465 (base 11) to base 5.
303442
Convert -12455141 (base 8) to base 10.
-2775649
What is 9bb9e (base 16) in base 15?
c8ed9
-407054a (base 11) to base 12
-24a863a
Convert -97553 (base 11) to base 9.
-235388
Convert -1264971 (base 13) to base 3.
-101211012010000
Convert 5acc7 (base 13) to base 8.
506066
What is 302832 (base 16) in base 2?
1100000010100000110010
Convert -7340d (base 14) to base 5.
-32343231
152866 (base 10) to base 2
100101010100100010
What is -2166752 (base 10) in base 14?
-4058c0
-137471 (base 8) to base 12
-243b5
What is -3239635 (base 10) in base 4?
-30112323103
Convert -2d9e6 (base 16) to base 14.
-4c14a
What is bc1ea (base 16) in base 9?
1403873
-146771 (base 14) to base 11
-445000
-617583 (base 9) to base 14
-97782
Convert 12450104 (base 7) to base 3.
2010211012212
Convert -7ed8 (base 16) to base 5.
-2014342
185715 (base 9) to base 12
56bab
What is -110200022100 (base 3) in base 7?
-2056350
What is -111101222002022 (base 3) in base 2?
-11011001011011001100011
What is -351636 (base 8) in base 6?
-2322114
What is -862065 (base 13) in base 8?
-1400071